29 composite?
False
Is 215621 composite?
True
Is 441203 composite?
True
Is 23431 composite?
False
Is 2047 a composite number?
True
Is 39439 a prime number?
True
Is 19531 composite?
False
Is 24029 a prime number?
True
Is 19417 composite?
False
Is 36739 prime?
True
Is 229343 a prime number?
True
Is 230757 a composite number?
True
Is 7723 a prime number?
True
Is 2746069 prime?
False
Is 2707 a prime number?
True
Is 6773 composite?
True
Is 19949 a prime number?
True
Is 27611 a composite number?
False
Is 2921 a composite number?
True
Is 37529 composite?
False
Is 55349 a composite number?
True
Is 145 composite?
True
Is 13061 prime?
False
Is 33445 a composite number?
True
Is 15209 a composite number?
True
Is 4303 prime?
False
Is 25329 prime?
False
Is 275117 a prime number?
False
Is 17713 prime?
True
Is 70361 a composite number?
True
Is 30089 composite?
False
Is 39787 prime?
False
Is 88697 a composite number?
True
Is 40459 a composite number?
False
Is 1231453 composite?
False
Is 31949 a composite number?
True
Is 2179 a composite number?
False
Is 43315 composite?
True
Is 58009 composite?
True
Is 5639 prime?
True
Is 93437 prime?
False
Is 221159 prime?
True
Is 330917 a prime number?
True
Is 3607 a prime number?
True
Is 380663 a composite number?
True
Is 2291 a prime number?
False
Is 30454 prime?
False
Is 30971 a prime number?
True
Is 449899 composite?
True
Is 83243 prime?
True
Is 4653401 a prime number?
True
Is 1595059 a prime number?
False
Is 173401 a prime number?
False
Is 27179 prime?
True
Is 390778 a prime number?
False
Is 19841 a composite number?
False
Is 284957 a composite number?
False
Is 478459 a composite number?
False
Is 331543 a composite number?
False
Is 10546 prime?
False
Is 90541 composite?
True
Is 60829 a prime number?
False
Is 1361 prime?
True
Is 138551 prime?
False
Is 5935 composite?
True
Is 1369 prime?
False
Is 39409 prime?
True
Is 154941 prime?
False
Is 2073389 a prime number?
True
Is 233029 a prime number?
False
Is 1651963 a composite number?
True
Is 5033 a prime number?
False
Is 1767017 a composite number?
True
Is 10313 a composite number?
False
Is 71039 composite?
False
Is 253031 composite?
True
Is 539173 a composite number?
True
Is 9862 a composite number?
True
Is 1759 prime?
True
Is 764705 composite?
True
Is 58445 composite?
True
Is 28745 a prime number?
False
Is 51469 composite?
True
Is 18191 prime?
True
Is 1122841 a composite number?
False
Is 78113 a composite number?
True
Is 150901 a composite number?
False
Is 5096347 prime?
True
Is 16627 a composite number?
True
Is 267781 prime?
True
Is 568151 a composite number?
False
Is 48179 prime?
True
Is 259727 a composite number?
True
Is 494327 a prime number?
True
Is 40387 prime?
True
Is 281419 a composite number?
False
Is 3631 a composite number?
False
Is 48979 a prime number?
False
Is 484187 a prime number?
False
Is 24133 a prime number?
True
Is 4911 a composite number?
True
Is 75791 a composite number?
True
Is 200639 a composite number?
False
Is 132121 a prime number?
False
Is 4201 a composite number?
False
Is 7237 a composite number?
False
Is 282959 a prime number?
True
Is 9233 a prime number?
False
Is 2271977 a prime number?
True
Is 683591 a composite number?
False
Is 12659 a composite number?
False
Is 5639 a composite number?
False
Is 39707 a prime number?
False
Is 46559 prime?
True
Is 288553 prime?
False
Is 244049 a composite number?
True
Is 169111 a composite number?
False
Is 32353 a prime number?
True
Is 402099 composite?
True
Is 1076755 composite?
True
Is 10799 a composite number?
False
Is 230329 composite?
True
Is 347467 a prime number?
False
Is 87853 composite?
False
Is 59713 a composite number?
True
Is 871 composite?
True
Is 163837 a composite number?
True
Is 34253 a composite number?
False
Is 12713 a prime number?
True
Is 178067 a composite number?
False
Is 324158 prime?
False
Is 156263 a prime number?
False
Is 42977 prime?
False
Is 233171 prime?
False
Is 15727 a prime number?
True
Is 6779 a composite number?
False
Is 46301 a composite number?
False
Is 16033 a composite number?
False
Is 127678 a composite number?
True
Is 9019 composite?
True
Is 729871 prime?
True
Is 2203 a prime number?
True
Is 331651 a prime number?
True
Is 309559 composite?
False
Is 477247 a composite number?
True
Is 149 prime?
True
Is 50357 a composite number?
True
Is 3551 a composite number?
True
Is 36433 a composite number?
False
Is 24709 a prime number?
True
Is 1390439 prime?
False
Is 11369 prime?
True
Is 58493 composite?
True
Is 120749 composite?
False
Is 137909 prime?
True
Is 2643239 prime?
True
Is 25523 a prime number?
True
Is 8465 a prime number?
False
Is 10781 composite?
False
Is 44977 a prime number?
False
Is 552869 composite?
True
Is 7493 composite?
True
Is 11863 a composite number?
False
Is 77911 prime?
False
Is 181069 prime?
False
Is 9091 a prime number?
True
Is 469037 a prime number?
True
Is 6299 composite?
False
Is 1023731 composite?
False
Is 9467 a composite number?
False
Is 45187 a prime number?
False
Is 5855 a composite number?
True
Is 1259977 prime?
True
Is 2265941 prime?
True
Is 54039 a prime number?
False
Is 21815 prime?
False
Is 316879 composite?
False
Is 53513 a prime number?
False
Is 112481 prime?
True
Is 10546 prime?
False
Is 1808293 a prime number?
True
Is 8419 composite?
False
Is 19207 prime?
True
Is 205759 a prime number?
True
Is 1065587 composite?
True
Is 1277 prime?
True
Is 921959 composite?
False
Is 47837 a prime number?
True
Is 99961 a composite number?
False
Is 3293 prime?
False
Is 8887 composite?
False
Is 134866 a prime number?
False
Is 155921 a composite number?
False
Is 150551 composite?
False
Is 121637 a prime number?
True
Is 14401 composite?
False
Is 615633 a prime number?
False
Is 14867 a composite number?
False
Is 3635989 composite?
True
Is 458917 a composite number?
False
Is 526315 a prime number?
False
Is 8542 a prime number?
False
Is 583769 a composite number?
False
Is 871 a prime number?
False
Is 21355 composite?
True
Is 343645 prime?
False
Is 138377 a prime number?
False
Is 5227 composite?
False
Is 1459 prime?
True
Is 41773 a prime number?
False
Is 44399 prime?
False
Is 61627 a prime number?
True
Is 12373 prime?
True
Is 203 composite?
True
Is 14117 composite?
True
Is 1074329 a composite number?
False
Is 14109 a prime number?
False
Is 4885 a prime number?
False
Is 33637 a prime number?
True
Is 904745 composite?
True
Is 32259 a composite number?
True
Is 1939 composite?
True
Is 4621 composite?
False
Is 667 prime?
False
Is 400103 a prime number?
False
Is 49673 a prime number?
False
Is 58301 a prime number?
False
Is 2238931 prime?
True
Is 13397 prime?
True
Is 889871 composite?
False
Is 116981 a prime number?
True
Is 366239 a prime number?
True
Is 28803 prime?
False
Is 16141 a prime number?
True
Is 22303 composite?
False
Is 11246 prime?
False
Is 26743 a prime number?
False
Is 48957 a composite number?
True
Is 399559 a prime number?
False
Is 2533 composite?
True
Is 2923 composite?
True
Is 179 a prime number?
True
Is 574463 a composite number?
True
Is 193423 composite?
False
Is 2101 a composite number?
True
Is 193019 a prime number?
False
Is 8002 a composite number?
True
Is 1089193 prime?
False
Is 194981 prime?
True
Is 104651 prime?
True
Is 6521 composite?
False
Is 1277 a prime number?
True
Is 3959 a composite number?
True
Is 102119 a prime number?
False
Is 61891 composite?
True
Is 214841 a composite number?
True
Is 43543 a prime number?
True
Is 39101 prime?
False
Is 61645 composite?
True
Is 239873 prime?
True
Is 960065 a prime number?
False
Is 14701 prime?
False
Is 137937 prime?
False
Is 1115435 composite?
True
Is 149099 a prime number?
True
Is 9841 a prime number?
False
Is 144146 prime?
False
Is 340115 a prime number?
False
Is 9143 a prime number?
False
Is 342971 composite?
False
Is 11113 a prime number?
True
Is 326965 a composite number?
True
Is 4409 composite?
False
Is 98977 a composite number?
True
Is 155867 composite?
True
Is 17146 prime?
False
Is 17369 prime?
False
Is 24523 composite?
True
Is 6823 composite?
False
Is 509 a composite number?
False
Is 3117 a composite number?
True
Is 781951 a composite number?
False
Is 3349 prime?
False
Is 193353 prime?
False
Is 16567 composite?
False
Is 102683 a composite number?
True
Is 10357 composite?
False
Is 62753 comp